{"version":"1.0","provider_name":"tisztaOtthon","provider_url":"https:\/\/tisztaotthon.cafeblog.hu","author_name":"Eszter Betterware","author_url":"https:\/\/tisztaotthon.cafeblog.hu\/author\/eszter-betterwaregmail-com\/","title":"Holl\u00f3 Judit","html":"<p><img src=\"https:\/\/tisztaotthon.cafeblog.hu\/files\/2017\/07\/Judit-holl%C3%B3-200x150.jpg\" \/><\/p>\r\n<p>Kedves V\u00e1s\u00e1rl\u00f3im \u00e9s Leend\u0151 Koll\u00e9g\u00e1k!<\/p>\r\n<h3>R\u00f3lam:<\/h3>\r\n<p>Holl\u00f3 Judit vagyok, nyugd\u00edjas.<\/p>\r\n<p>A k\u00fclkereskedelemben \u00e9s logisztik\u00e1ban dolgoztam.<\/p>\r\n<p>Nyugd\u00edjas \u00e9veimben is akt\u00edv vagyok, kedvelem a kih\u00edv\u00e1sokat.<\/p>\r\n<p>N\u00e9h\u00e1ny h\u00f3napja csatlakoztam a Betterware v\u00e1s\u00e1rl\u00f3i klubhoz.<\/p>\r\n<p>A Betterware c\u00e9g term\u00e9keit, akik m\u00e1r megismert\u00e9k, nagyon el\u00e9gedettek a min\u0151s\u00e9ggel \u00e9s ez\u00e9rt a r\u00e9gebben haszn\u00e1lt tiszt\u00edt\u00f3szereket lecser\u00e9lt\u00e9k ezekre a k\u00f6rnyezetbar\u00e1t-hat\u00e9kony \u00e1ru cikkekre.<\/p>\r\n<p>Saj\u00e1t tapasztalatom alapj\u00e1n is b\u00e1tran kijelenthetem kiv\u00e1l\u00f3 term\u00e9kek.<\/p>\r\n<p>C\u00e9lom az, hogy min\u00e9l sz\u00e9lesebb k\u00f6rben megismerj\u00e9k a k\u00f6rnyezetemben \u00e9l\u0151k.<\/p>\r\n<p>A term\u00e9kek sz\u00e9les v\u00e1laszt\u00e9ka miatt mindenki megtal\u00e1lja az ig\u00e9nyeinek megfelel\u0151t, az al\u00e1bbi term\u00e9keket forgalmazzuk: tiszt\u00edt\u00f3szerek, kozmetikai term\u00e9kek, \u00e9trend kieg\u00e9sz\u00edt\u0151k\u00a0\u00e9s egy\u00e9b h\u00e1ztart\u00e1si cikkek.<\/p>\r\n<p>Sikeres kis csapatom van, ahova agilis munkat\u00e1rsakat keresek, akik csatlakozn\u00e1nak hozz\u00e1nk \u00e9s n\u00e9pszer\u0171s\u00edten\u00e9k j\u00f3 min\u0151s\u00e9g\u0171 k\u00f6rnyezetbar\u00e1t term\u00e9keinket.<\/p>\r\n<p>A megadott el\u00e9rhet\u0151s\u00e9geimen keressetek bizalommal.<\/p>\r\n<h3>El\u00e9rhet\u0151s\u00e9geim<\/h3>\r\n<h4>Email c\u00edmem:<\/h4>\r\n<p>hollo.judit1953@gmail.com<\/p>\r\n<h4>Telefon sz\u00e1mom:<\/h4>\r\n<p>06705248343<\/p>\r\n<h4>Ter\u00fcletek:<\/h4>\r\n<p>Budapest 17-18-14-16. ker\u00fclet \u00e9s k\u00f6rny\u00e9ke<\/p>\r\n<h3><a href=\"https:\/\/drive.google.com\/file\/d\/0BzSKocKMRkCvUHN0dFBRcE1Lem8\/view\" target=\"_blank\" rel=\"noopener noreferrer\">A katal\u00f3gusunk<\/a><\/h3>\r\n<h3><a href=\"https:\/\/www.facebook.com\/judit.hollo.9?fref=ts\" target=\"_blank\" rel=\"noopener noreferrer\">Facebook profilom<\/a><\/h3>\r\n<h3><a href=\"https:\/\/www.facebook.com\/groups\/judithollobetterware\/?fref=ts\" target=\"_blank\" rel=\"noopener noreferrer\">Facebook csoportom<\/a><\/h3>\r\n<h3><a href=\"https:\/\/goo.gl\/TPvMYA\" target=\"_blank\" rel=\"noopener noreferrer\">Regisztr\u00e1ci\u00f3s linkem<\/a><\/h3>","type":"rich","thumbnail_url":"https:\/\/tisztaotthon.cafeblog.hu\/files\/2017\/07\/Judit-holl\u00f3-150x150.jpg","thumbnail_width":150,"thumbnail_height":150}

Holló Judit

<p><img src="https://tisztaotthon.cafeblog.hu/files/2017/07/Judit-holl%C3%B3-200x150.jpg" /></p>
<p>Kedves Vásárlóim és Leendő Kollégák!</p>
<h3>Rólam:</h3>
<p>Holló Judit vagyok, nyugdíjas.</p>
<p>A külkereskedelemben és logisztikában dolgoztam.</p>
<p>Nyugdíjas éveimben is aktív vagyok, kedvelem a kihívásokat.</p>
<p>Néhány hónapja csatlakoztam a Betterware vásárlói klubhoz.</p>
<p>A Betterware cég termékeit, akik már megismerték, nagyon elégedettek a minőséggel és ezért a régebben használt tisztítószereket lecserélték ezekre a környezetbarát-hatékony áru cikkekre.</p>
<p>Saját tapasztalatom alapján is bátran kijelenthetem kiváló termékek.</p>
<p>Célom az, hogy minél szélesebb körben megismerjék a környezetemben élők.</p>
<p>A termékek széles választéka miatt mindenki megtalálja az igényeinek megfelelőt, az alábbi termékeket forgalmazzuk: tisztítószerek, kozmetikai termékek, étrend kiegészítők és egyéb háztartási cikkek.</p>
<p>Sikeres kis csapatom van, ahova agilis munkatársakat keresek, akik csatlakoznának hozzánk és népszerűsítenék jó minőségű környezetbarát termékeinket.</p>
<p>A megadott elérhetőségeimen keressetek bizalommal.</p>
<h3>Elérhetőségeim</h3>
<h4>Email címem:</h4>
<p>hollo.judit1953@gmail.com</p>
<h4>Telefon számom:</h4>
<p>06705248343</p>
<h4>Területek:</h4>
<p>Budapest 17-18-14-16. kerület és környéke</p>
<h3><a href="https://drive.google.com/file/d/0BzSKocKMRkCvUHN0dFBRcE1Lem8/view" target="_blank" rel="noopener noreferrer">A katalógusunk</a></h3>
<h3><a href="https://www.facebook.com/judit.hollo.9?fref=ts" target="_blank" rel="noopener noreferrer">Facebook profilom</a></h3>
<h3><a href="https://www.facebook.com/groups/judithollobetterware/?fref=ts" target="_blank" rel="noopener noreferrer">Facebook csoportom</a></h3>
<h3><a href="https://goo.gl/TPvMYA" target="_blank" rel="noopener noreferrer">Regisztrációs linkem</a></h3>

https://tisztaotthon.cafeblog.hu/files/2017/07/Judit-holló-150x150.jpg
